{"id":43,"date":"2013-09-13T17:54:20","date_gmt":"2013-09-13T17:54:20","guid":{"rendered":"http:\/\/localhost:8888\/indalo\/?page_id=43"},"modified":"2014-01-17T02:56:50","modified_gmt":"2014-01-17T02:56:50","slug":"movilizacion-neurodinamica","status":"publish","type":"page","link":"http:\/\/www.fisioindalo.es\/?page_id=43","title":{"rendered":"Movilizaci\u00f3n Neurodin\u00e1mica"},"content":{"rendered":"<div>\n<p><a href=\"http:\/\/www.fisioindalo.es\/pruebas\/wp-content\/uploads\/2014\/01\/movilizacion-neurodinamica.jpg\"><img loading=\"lazy\" decoding=\"async\" class=\"alignnone size-full wp-image-256\" alt=\"movilizacion-neurodinamica\" src=\"http:\/\/www.fisioindalo.es\/pruebas\/wp-content\/uploads\/2014\/01\/movilizacion-neurodinamica.jpg\" width=\"500\" height=\"231\" srcset=\"http:\/\/www.fisioindalo.es\/wp-content\/uploads\/2014\/01\/movilizacion-neurodinamica.jpg 500w, http:\/\/www.fisioindalo.es\/wp-content\/uploads\/2014\/01\/movilizacion-neurodinamica-300x138.jpg 300w\" sizes=\"(max-width: 500px) 100vw, 500px\" \/><\/a><\/p>\n<p>La movilizaci\u00f3n neurodin\u00e1mica comprende un conjunto de t\u00e9cnicas destinadas a corregir des\u00f3rdenes de origen m\u00fasculo-esquel\u00e9tico que pueden deberse a una tensi\u00f3n neural adversa. Esta tensi\u00f3n se origina por una biomec\u00e1nica alterada del sistema nervioso.<\/p>\n<p>Los nervios no son unos meros cables conductores de impulsos, ni mucho menos son estructuras r\u00edgidas y pasivas aisladas del entorno en el que existen. En realidad los nervios son estructuras vivas con m\u00faltiples y complejas funciones, y que poseen una relaci\u00f3n muy estrecha con el medio que les rodea.<\/p>\n<p>Los nervios se abren paso a trav\u00e9s de canales que discurren entre m\u00fasculos, huesos, fascias, piel&#8230; para llegar a los tejidos que inervan. El paso por estos t\u00faneles o interfaces mec\u00e1nicas puede verse afectado por la patolog\u00eda de los tejidos circundantes, llegando a provocar una disfunci\u00f3n neural.<br \/>\nEsta situaci\u00f3n puede provocar dolor procedente del tejido nervioso en ausencia d\u00e9ficits neurol\u00f3gicos detectables (par\u00e1lisis, parestesia, anestesia&#8230;). El fisioterapeuta formado en neurodin\u00e1mica identifica una serie de signos y s\u00edntomas y, a trav\u00e9s de unos tests neurodin\u00e1micos espec\u00edficos, deduce si el tejido nervioso est\u00e1 implicado en el proceso doloroso.<\/p>\n<\/div>\n","protected":false},"excerpt":{"rendered":"<p>La movilizaci\u00f3n neurodin\u00e1mica comprende un conjunto de t\u00e9cnicas destinadas a corregir des\u00f3rdenes de origen m\u00fasculo-esquel\u00e9tico que pueden deberse a una tensi\u00f3n neural adversa. Esta tensi\u00f3n se origina por una biomec\u00e1nica alterada del sistema nervioso. Los nervios no son unos meros cables conductores de impulsos, ni mucho menos son estructuras r\u00edgidas y pasivas aisladas del entorno [&hellip;]<\/p>\n","protected":false},"author":1,"featured_media":0,"parent":19,"menu_order":6,"comment_status":"open","ping_status":"open","template":"","meta":{"footnotes":""},"class_list":["post-43","page","type-page","status-publish","hentry"],"_links":{"self":[{"href":"http:\/\/www.fisioindalo.es\/index.php?rest_route=\/wp\/v2\/pages\/43"}],"collection":[{"href":"http:\/\/www.fisioindalo.es\/index.php?rest_route=\/wp\/v2\/pages"}],"about":[{"href":"http:\/\/www.fisioindalo.es\/index.php?rest_route=\/wp\/v2\/types\/page"}],"author":[{"embeddable":true,"href":"http:\/\/www.fisioindalo.es\/index.php?rest_route=\/wp\/v2\/users\/1"}],"replies":[{"embeddable":true,"href":"http:\/\/www.fisioindalo.es\/index.php?rest_route=%2Fwp%2Fv2%2Fcomments&post=43"}],"version-history":[{"count":0,"href":"http:\/\/www.fisioindalo.es\/index.php?rest_route=\/wp\/v2\/pages\/43\/revisions"}],"up":[{"embeddable":true,"href":"http:\/\/www.fisioindalo.es\/index.php?rest_route=\/wp\/v2\/pages\/19"}],"wp:attachment":[{"href":"http:\/\/www.fisioindalo.es\/index.php?rest_route=%2Fwp%2Fv2%2Fmedia&parent=43"}],"curies":[{"name":"wp","href":"https:\/\/api.w.org\/{rel}","templated":true}]}}