{"id":2,"date":"2013-09-10T02:11:44","date_gmt":"2013-09-10T02:11:44","guid":{"rendered":"http:\/\/localhost:8888\/indalo\/?page_id=2"},"modified":"2014-01-14T20:21:27","modified_gmt":"2014-01-14T20:21:27","slug":"pagina-ejemplo","status":"publish","type":"page","link":"http:\/\/www.fisioindalo.es\/?page_id=2","title":{"rendered":"Quienes Somos"},"content":{"rendered":"<div>\n<p style=\"text-align: justify;\"><strong>FisioIndalo<\/strong> es un centro privado de Fisioterapia, Osteopat\u00eda, Terapia Miofascial y Posturolog\u00eda, destinado a ofrecer sus servicios de forma especializada y personalizada. Destaca por dar la m\u00e1xima calidad al paciente con un trato individualizado y humano, con un equipo de profesionales con experiencia cl\u00ednica.<\/p>\n<p style=\"text-align: justify;\">Llevamos ofreciendo durante m\u00e1s de 15 a\u00f1os lo mejor de nosotros para que nuestros pacientes reciban el mejor y m\u00e1s eficaz tratamiento para sus dolencias.<\/p>\n<p style=\"text-align: justify;\">Los fisioterapeutas y oste\u00f3patas de nuestro centro, somos profesionales comprometidos con la constante formaci\u00f3n, el reciclaje de t\u00e9cnicas y desarrollo de conocimientos, para que su tratamiento sea de alta calidad y totalmente personalizado.<\/p>\n<p style=\"text-align: justify;\">\u201cCALIDAD, PROFESIONALIDAD Y COMPROMISO\u201d<\/p>\n<\/div>\n","protected":false},"excerpt":{"rendered":"<p>FisioIndalo es un centro privado de Fisioterapia, Osteopat\u00eda, Terapia Miofascial y Posturolog\u00eda, destinado a ofrecer sus servicios de forma especializada y personalizada. Destaca por dar la m\u00e1xima calidad al paciente con un trato individualizado y humano, con un equipo de profesionales con experiencia cl\u00ednica. Llevamos ofreciendo durante m\u00e1s de 15 a\u00f1os lo mejor de nosotros [&hellip;]<\/p>\n","protected":false},"author":1,"featured_media":0,"parent":0,"menu_order":1,"comment_status":"open","ping_status":"open","template":"","meta":{"footnotes":""},"class_list":["post-2","page","type-page","status-publish","hentry"],"_links":{"self":[{"href":"http:\/\/www.fisioindalo.es\/index.php?rest_route=\/wp\/v2\/pages\/2"}],"collection":[{"href":"http:\/\/www.fisioindalo.es\/index.php?rest_route=\/wp\/v2\/pages"}],"about":[{"href":"http:\/\/www.fisioindalo.es\/index.php?rest_route=\/wp\/v2\/types\/page"}],"author":[{"embeddable":true,"href":"http:\/\/www.fisioindalo.es\/index.php?rest_route=\/wp\/v2\/users\/1"}],"replies":[{"embeddable":true,"href":"http:\/\/www.fisioindalo.es\/index.php?rest_route=%2Fwp%2Fv2%2Fcomments&post=2"}],"version-history":[{"count":0,"href":"http:\/\/www.fisioindalo.es\/index.php?rest_route=\/wp\/v2\/pages\/2\/revisions"}],"wp:attachment":[{"href":"http:\/\/www.fisioindalo.es\/index.php?rest_route=%2Fwp%2Fv2%2Fmedia&parent=2"}],"curies":[{"name":"wp","href":"https:\/\/api.w.org\/{rel}","templated":true}]}}